{"id":431,"date":"2021-03-23T17:36:30","date_gmt":"2021-03-23T17:36:30","guid":{"rendered":"https:\/\/jefosp.net\/?page_id=431"},"modified":"2021-03-23T17:36:30","modified_gmt":"2021-03-23T17:36:30","slug":"7e-edition-des-jefosp","status":"publish","type":"page","link":"https:\/\/jefosp.bf\/?page_id=431","title":{"rendered":"Du 03 au 05 mars 2020"},"content":{"rendered":"<p><strong>Th\u00e8me :<\/strong><br \/>\nContexte socio-\u00e9conomique r\u00e9gional : quels d\u00e9fis pour la formation professionnelle ?<br \/>\n<strong>SOUS THEMES:<\/strong><br \/>\n\uf076 <strong>Sous-th\u00e8me I :<\/strong> Les besoins et emplois r\u00e9gionaux : les \u00e9coles et structures de formation r\u00e9pondent-elles aux exigences et aux besoins \u00e0 elles pos\u00e9es ?<br \/>\n\uf076 <strong>Sous-th\u00e8me II :<\/strong> Possibilit\u00e9s et d\u00e9fis de la coop\u00e9ration entre march\u00e9 de l\u2019emploi (l\u2019\u00e9conomie) et les institutions de formation.<br \/>\n\uf076 <strong>Sous-th\u00e8me III :<\/strong> Cr\u00e9ation des centres universitaires r\u00e9gionaux et besoins r\u00e9gionaux et nationaux de d\u00e9veloppement.<br \/>\nPUBLICS CIBLES<br \/>\n\uf0fc Jeunes, \u00e9l\u00e8ves, \u00e9tudiants\/es<br \/>\n\uf0fc Parents d\u2019\u00e9l\u00e8ves<br \/>\n\uf0fc Enseignants\/es, chercheurs\/es<br \/>\n\uf0fc Encadreurs p\u00e9dagogiques<br \/>\n\uf0fc \u00c9coles et centres de formation<br \/>\n\uf0fc Actrices et acteurs de la formation<br \/>\n<strong>ACTIVITES<\/strong><br \/>\no Pr\u00e9sentation des programmes Master<br \/>\no Communications et forum de discussion<br \/>\no Stands d\u2019information et de conseils d\u2019orientation<br \/>\no Stands d\u2019information et d\u2019exposition d\u2019entreprises<br \/>\no Conf\u00e9rences, Tables rondes, Communications Orales et Posters, Expositions<\/p>\n","protected":false},"excerpt":{"rendered":"<p>Th\u00e8me : Contexte socio-\u00e9conomique r\u00e9gional : quels d\u00e9fis pour la formation professionnelle ? SOUS THEMES: \uf076 Sous-th\u00e8me I : Les besoins et emplois r\u00e9gionaux : les \u00e9coles et structures de formation r\u00e9pondent-elles aux exigences et aux besoins \u00e0 elles pos\u00e9es ? \uf076 Sous-th\u00e8me II : Possibilit\u00e9s et d\u00e9fis de la coop\u00e9ration entre march\u00e9 de l\u2019emploi [&hellip;]<\/p>\n","protected":false},"author":1,"featured_media":0,"parent":0,"menu_order":0,"comment_status":"closed","ping_status":"closed","template":"","meta":{"footnotes":""},"class_list":["post-431","page","type-page","status-publish","hentry"],"_links":{"self":[{"href":"https:\/\/jefosp.bf\/index.php?rest_route=\/wp\/v2\/pages\/431","targetHints":{"allow":["GET"]}}],"collection":[{"href":"https:\/\/jefosp.bf\/index.php?rest_route=\/wp\/v2\/pages"}],"about":[{"href":"https:\/\/jefosp.bf\/index.php?rest_route=\/wp\/v2\/types\/page"}],"author":[{"embeddable":true,"href":"https:\/\/jefosp.bf\/index.php?rest_route=\/wp\/v2\/users\/1"}],"replies":[{"embeddable":true,"href":"https:\/\/jefosp.bf\/index.php?rest_route=%2Fwp%2Fv2%2Fcomments&post=431"}],"version-history":[{"count":0,"href":"https:\/\/jefosp.bf\/index.php?rest_route=\/wp\/v2\/pages\/431\/revisions"}],"wp:attachment":[{"href":"https:\/\/jefosp.bf\/index.php?rest_route=%2Fwp%2Fv2%2Fmedia&parent=431"}],"curies":[{"name":"wp","href":"https:\/\/api.w.org\/{rel}","templated":true}]}}

<p><strong>Thème :</strong><br />
Contexte socio-économique régional : quels défis pour la formation professionnelle ?<br />
<strong>SOUS THEMES:</strong><br />
 <strong>Sous-thème I :</strong> Les besoins et emplois régionaux : les écoles et structures de formation répondent-elles aux exigences et aux besoins à elles posées ?<br />
 <strong>Sous-thème II :</strong> Possibilités et défis de la coopération entre marché de l’emploi (l’économie) et les institutions de formation.<br />
 <strong>Sous-thème III :</strong> Création des centres universitaires régionaux et besoins régionaux et nationaux de développement.<br />
PUBLICS CIBLES<br />
 Jeunes, élèves, étudiants/es<br />
 Parents d’élèves<br />
 Enseignants/es, chercheurs/es<br />
 Encadreurs pédagogiques<br />
 Écoles et centres de formation<br />
 Actrices et acteurs de la formation<br />
<strong>ACTIVITES</strong><br />
o Présentation des programmes Master<br />
o Communications et forum de discussion<br />
o Stands d’information et de conseils d’orientation<br />
o Stands d’information et d’exposition d’entreprises<br />
o Conférences, Tables rondes, Communications Orales et Posters, Expositions</p>

<p>Thème : Contexte socio-économique régional : quels défis pour la formation professionnelle ? SOUS THEMES:  Sous-thème I : Les besoins et emplois régionaux : les écoles et structures de formation répondent-elles aux exigences et aux besoins à elles posées ?  Sous-thème II : Possibilités et défis de la coopération entre marché de l’emploi [&hellip;]</p>
