{"id":540,"date":"2021-03-24T19:53:22","date_gmt":"2021-03-24T19:53:22","guid":{"rendered":"https:\/\/jefosp.net\/?page_id=540"},"modified":"2021-03-24T19:53:22","modified_gmt":"2021-03-24T19:53:22","slug":"jefosp-2016","status":"publish","type":"page","link":"https:\/\/jefosp.bf\/?page_id=540","title":{"rendered":"JEFOSP 2016"},"content":{"rendered":"<p style=\"text-align: justify;\">Communication de M. DA\u00cfLA, Promoteur de Centre de formation sur l&rsquo;initiation des \u00e9l\u00e8ves aux m\u00e9tiers au 4e Journ\u00e9es d\u2019\u00e9changes sur l\u2019\u00e9ducation, la formation, l\u2019orientation\/insertion scolaire et professionnelle (JEFOSP).<\/p>\n<p><a href=\"http:\/\/jefosp.bf\/wp-content\/uploads\/2021\/03\/grp3.jpg\"><img loading=\"lazy\" decoding=\"async\" class=\"size-medium wp-image-541 alignleft\" src=\"http:\/\/jefosp.bf\/wp-content\/uploads\/2021\/03\/grp3-300x225.jpg\" alt=\"\" width=\"300\" height=\"225\" srcset=\"https:\/\/jefosp.bf\/wp-content\/uploads\/2021\/03\/grp3-300x225.jpg 300w, https:\/\/jefosp.bf\/wp-content\/uploads\/2021\/03\/grp3.jpg 640w\" sizes=\"auto, (max-width: 300px) 100vw, 300px\" \/><\/a> <a href=\"http:\/\/jefosp.bf\/wp-content\/uploads\/2021\/03\/grp1.jpg\"><img loading=\"lazy\" decoding=\"async\" class=\"size-medium wp-image-542 alignright\" src=\"http:\/\/jefosp.bf\/wp-content\/uploads\/2021\/03\/grp1-300x225.jpg\" alt=\"\" width=\"300\" height=\"225\" srcset=\"https:\/\/jefosp.bf\/wp-content\/uploads\/2021\/03\/grp1-300x225.jpg 300w, https:\/\/jefosp.bf\/wp-content\/uploads\/2021\/03\/grp1.jpg 640w\" sizes=\"auto, (max-width: 300px) 100vw, 300px\" \/><\/a> <a href=\"http:\/\/jefosp.bf\/wp-content\/uploads\/2021\/03\/grp.jpg\"><img loading=\"lazy\" decoding=\"async\" class=\"size-medium wp-image-543 aligncenter\" src=\"http:\/\/jefosp.bf\/wp-content\/uploads\/2021\/03\/grp-300x225.jpg\" alt=\"\" width=\"300\" height=\"225\" srcset=\"https:\/\/jefosp.bf\/wp-content\/uploads\/2021\/03\/grp-300x225.jpg 300w, https:\/\/jefosp.bf\/wp-content\/uploads\/2021\/03\/grp.jpg 640w\" sizes=\"auto, (max-width: 300px) 100vw, 300px\" \/><\/a><\/p>\n","protected":false},"excerpt":{"rendered":"<p>Communication de M. DA\u00cfLA, Promoteur de Centre de formation sur l&rsquo;initiation des \u00e9l\u00e8ves aux m\u00e9tiers au 4e Journ\u00e9es d\u2019\u00e9changes sur l\u2019\u00e9ducation, la formation, l\u2019orientation\/insertion scolaire et professionnelle (JEFOSP).<\/p>\n","protected":false},"author":1,"featured_media":0,"parent":0,"menu_order":0,"comment_status":"closed","ping_status":"closed","template":"","meta":{"footnotes":""},"class_list":["post-540","page","type-page","status-publish","hentry"],"_links":{"self":[{"href":"https:\/\/jefosp.bf\/index.php?rest_route=\/wp\/v2\/pages\/540","targetHints":{"allow":["GET"]}}],"collection":[{"href":"https:\/\/jefosp.bf\/index.php?rest_route=\/wp\/v2\/pages"}],"about":[{"href":"https:\/\/jefosp.bf\/index.php?rest_route=\/wp\/v2\/types\/page"}],"author":[{"embeddable":true,"href":"https:\/\/jefosp.bf\/index.php?rest_route=\/wp\/v2\/users\/1"}],"replies":[{"embeddable":true,"href":"https:\/\/jefosp.bf\/index.php?rest_route=%2Fwp%2Fv2%2Fcomments&post=540"}],"version-history":[{"count":0,"href":"https:\/\/jefosp.bf\/index.php?rest_route=\/wp\/v2\/pages\/540\/revisions"}],"wp:attachment":[{"href":"https:\/\/jefosp.bf\/index.php?rest_route=%2Fwp%2Fv2%2Fmedia&parent=540"}],"curies":[{"name":"wp","href":"https:\/\/api.w.org\/{rel}","templated":true}]}}

<p style="text-align: justify;">Communication de M. DAÏLA, Promoteur de Centre de formation sur l&rsquo;initiation des élèves aux métiers au 4e Journées d’échanges sur l’éducation, la formation, l’orientation/insertion scolaire et professionnelle (JEFOSP).</p>
<p><a href="http://jefosp.bf/wp-content/uploads/2021/03/grp3.jpg"><img loading="lazy" decoding="async" class="size-medium wp-image-541 alignleft" src="http://jefosp.bf/wp-content/uploads/2021/03/grp3-300x225.jpg" alt="" width="300" height="225" srcset="https://jefosp.bf/wp-content/uploads/2021/03/grp3-300x225.jpg 300w, https://jefosp.bf/wp-content/uploads/2021/03/grp3.jpg 640w" sizes="auto, (max-width: 300px) 100vw, 300px" /></a> <a href="http://jefosp.bf/wp-content/uploads/2021/03/grp1.jpg"><img loading="lazy" decoding="async" class="size-medium wp-image-542 alignright" src="http://jefosp.bf/wp-content/uploads/2021/03/grp1-300x225.jpg" alt="" width="300" height="225" srcset="https://jefosp.bf/wp-content/uploads/2021/03/grp1-300x225.jpg 300w, https://jefosp.bf/wp-content/uploads/2021/03/grp1.jpg 640w" sizes="auto, (max-width: 300px) 100vw, 300px" /></a> <a href="http://jefosp.bf/wp-content/uploads/2021/03/grp.jpg"><img loading="lazy" decoding="async" class="size-medium wp-image-543 aligncenter" src="http://jefosp.bf/wp-content/uploads/2021/03/grp-300x225.jpg" alt="" width="300" height="225" srcset="https://jefosp.bf/wp-content/uploads/2021/03/grp-300x225.jpg 300w, https://jefosp.bf/wp-content/uploads/2021/03/grp.jpg 640w" sizes="auto, (max-width: 300px) 100vw, 300px" /></a></p>

<p>Communication de M. DAÏLA, Promoteur de Centre de formation sur l&rsquo;initiation des élèves aux métiers au 4e Journées d’échanges sur l’éducation, la formation, l’orientation/insertion scolaire et professionnelle (JEFOSP).</p>
