{"id":545,"date":"2021-03-24T19:58:22","date_gmt":"2021-03-24T19:58:22","guid":{"rendered":"https:\/\/jefosp.net\/?page_id=545"},"modified":"2021-03-24T19:58:22","modified_gmt":"2021-03-24T19:58:22","slug":"jefosp-2020","status":"publish","type":"page","link":"https:\/\/jefosp.bf\/?page_id=545","title":{"rendered":"JEFOSP 2020"},"content":{"rendered":"<div class=\"o9v6fnle cxmmr5t8 oygrvhab hcukyx3x c1et5uql ii04i59q\">\n<div dir=\"auto\">la 7\u00e8me \u00e9dition des Journ\u00e9es d\u2019Echanges sur l\u2019Education, la Formation, l\u2019Orientation\/insertion Scolaire et Professionnelle (JEFOSP) sera organis\u00e9e \u00e0 l&rsquo;UNZ en mars 2020.<\/div>\n<\/div>\n<div class=\"o9v6fnle cxmmr5t8 oygrvhab hcukyx3x c1et5uql ii04i59q\">\n<div dir=\"auto\">Veuillez trouver par ce lien <a class=\"oajrlxb2 g5ia77u1 qu0x051f esr5mh6w e9989ue4 r7d6kgcz rq0escxv nhd2j8a9 nc684nl6 p7hjln8o kvgmc6g5 cxmmr5t8 oygrvhab hcukyx3x jb3vyjys rz4wbd8a qt6c0cv9 a8nywdso i1ao9s8h esuyzwwr f1sip0of lzcic4wl py34i1dx gpro0wi8\" tabindex=\"0\" role=\"link\" href=\"https:\/\/www.fichier-pdf.fr\/2019\/12\/10\/appel-vp-pruejefosp-2020\/appel-vp-pruejefosp-2020.pdf?fbclid=IwAR0Ohm9kP9oePIK3mZGFYxMuLWsecGVOtAn_-mp0hXFDzXb_M6Ul6m8Clww\" target=\"_blank\" rel=\"nofollow noopener\">https:\/\/www.fichier-pdf.fr\/&#8230;\/appel-vp-pruejefosp-2020.pdf<\/a> un appel \u00e0 communications pour la 7e \u00e9dition des JEFOSP, plac\u00e9e sous la responsabilit\u00e9 de la Vice pr\u00e9sidence en charge de professionnalisation et des relations universit\u00e9s-entreprises (VP-PRUE\/UNZ).<\/div>\n<\/div>\n<div class=\"o9v6fnle cxmmr5t8 oygrvhab hcukyx3x c1et5uql ii04i59q\">\n<div dir=\"auto\">Soyez r\u00e9actifs, vos propositions sont attendues !<\/div>\n<div dir=\"auto\"><a href=\"http:\/\/jefosp.bf\/wp-content\/uploads\/2021\/03\/7ed1.jpg\"><img loading=\"lazy\" decoding=\"async\" class=\"size-full wp-image-308 aligncenter\" src=\"http:\/\/jefosp.bf\/wp-content\/uploads\/2021\/03\/7ed1.jpg\" alt=\"\" width=\"275\" height=\"183\" \/><\/a><\/div>\n<\/div>\n","protected":false},"excerpt":{"rendered":"<p>la 7\u00e8me \u00e9dition des Journ\u00e9es d\u2019Echanges sur l\u2019Education, la Formation, l\u2019Orientation\/insertion Scolaire et Professionnelle (JEFOSP) sera organis\u00e9e \u00e0 l&rsquo;UNZ en mars 2020. Veuillez trouver par ce lien https:\/\/www.fichier-pdf.fr\/&#8230;\/appel-vp-pruejefosp-2020.pdf un appel \u00e0 communications pour la 7e \u00e9dition des JEFOSP, plac\u00e9e sous la responsabilit\u00e9 de la Vice pr\u00e9sidence en charge de professionnalisation et des relations universit\u00e9s-entreprises (VP-PRUE\/UNZ). [&hellip;]<\/p>\n","protected":false},"author":1,"featured_media":0,"parent":0,"menu_order":0,"comment_status":"closed","ping_status":"closed","template":"","meta":{"footnotes":""},"class_list":["post-545","page","type-page","status-publish","hentry"],"_links":{"self":[{"href":"https:\/\/jefosp.bf\/index.php?rest_route=\/wp\/v2\/pages\/545","targetHints":{"allow":["GET"]}}],"collection":[{"href":"https:\/\/jefosp.bf\/index.php?rest_route=\/wp\/v2\/pages"}],"about":[{"href":"https:\/\/jefosp.bf\/index.php?rest_route=\/wp\/v2\/types\/page"}],"author":[{"embeddable":true,"href":"https:\/\/jefosp.bf\/index.php?rest_route=\/wp\/v2\/users\/1"}],"replies":[{"embeddable":true,"href":"https:\/\/jefosp.bf\/index.php?rest_route=%2Fwp%2Fv2%2Fcomments&post=545"}],"version-history":[{"count":0,"href":"https:\/\/jefosp.bf\/index.php?rest_route=\/wp\/v2\/pages\/545\/revisions"}],"wp:attachment":[{"href":"https:\/\/jefosp.bf\/index.php?rest_route=%2Fwp%2Fv2%2Fmedia&parent=545"}],"curies":[{"name":"wp","href":"https:\/\/api.w.org\/{rel}","templated":true}]}}

<div class="o9v6fnle cxmmr5t8 oygrvhab hcukyx3x c1et5uql ii04i59q">
<div dir="auto">la 7ème édition des Journées d’Echanges sur l’Education, la Formation, l’Orientation/insertion Scolaire et Professionnelle (JEFOSP) sera organisée à l&rsquo;UNZ en mars 2020.</div>
</div>
<div class="o9v6fnle cxmmr5t8 oygrvhab hcukyx3x c1et5uql ii04i59q">
<div dir="auto">Veuillez trouver par ce lien <a class="oajrlxb2 g5ia77u1 qu0x051f esr5mh6w e9989ue4 r7d6kgcz rq0escxv nhd2j8a9 nc684nl6 p7hjln8o kvgmc6g5 cxmmr5t8 oygrvhab hcukyx3x jb3vyjys rz4wbd8a qt6c0cv9 a8nywdso i1ao9s8h esuyzwwr f1sip0of lzcic4wl py34i1dx gpro0wi8" tabindex="0" role="link" href="https://www.fichier-pdf.fr/2019/12/10/appel-vp-pruejefosp-2020/appel-vp-pruejefosp-2020.pdf?fbclid=IwAR0Ohm9kP9oePIK3mZGFYxMuLWsecGVOtAn_-mp0hXFDzXb_M6Ul6m8Clww" target="_blank" rel="nofollow noopener">https://www.fichier-pdf.fr/&#8230;/appel-vp-pruejefosp-2020.pdf</a> un appel à communications pour la 7e édition des JEFOSP, placée sous la responsabilité de la Vice présidence en charge de professionnalisation et des relations universités-entreprises (VP-PRUE/UNZ).</div>
</div>
<div class="o9v6fnle cxmmr5t8 oygrvhab hcukyx3x c1et5uql ii04i59q">
<div dir="auto">Soyez réactifs, vos propositions sont attendues !</div>
<div dir="auto"><a href="http://jefosp.bf/wp-content/uploads/2021/03/7ed1.jpg"><img loading="lazy" decoding="async" class="size-full wp-image-308 aligncenter" src="http://jefosp.bf/wp-content/uploads/2021/03/7ed1.jpg" alt="" width="275" height="183" /></a></div>
</div>

<p>la 7ème édition des Journées d’Echanges sur l’Education, la Formation, l’Orientation/insertion Scolaire et Professionnelle (JEFOSP) sera organisée à l&rsquo;UNZ en mars 2020. Veuillez trouver par ce lien https://www.fichier-pdf.fr/&#8230;/appel-vp-pruejefosp-2020.pdf un appel à communications pour la 7e édition des JEFOSP, placée sous la responsabilité de la Vice présidence en charge de professionnalisation et des relations universités-entreprises (VP-PRUE/UNZ). [&hellip;]</p>
