{"id":549,"date":"2021-03-24T20:03:50","date_gmt":"2021-03-24T20:03:50","guid":{"rendered":"https:\/\/jefosp.net\/?page_id=549"},"modified":"2021-03-24T20:03:50","modified_gmt":"2021-03-24T20:03:50","slug":"12-mars-2020","status":"publish","type":"page","link":"https:\/\/jefosp.bf\/?page_id=549","title":{"rendered":"12 mars 2020"},"content":{"rendered":"<div class=\"o9v6fnle cxmmr5t8 oygrvhab hcukyx3x c1et5uql ii04i59q\">\n<div dir=\"auto\">La 7\u00e8me \u00e9dition des Journ\u00e9es d\u2019Echanges sur l\u2019Education, la Formation, l\u2019Orientation\/insertion Scolaire et Professionnelle (JEFOSP) c&rsquo;est du 03 au 05 mars 2020, dans la Salle CFVU de l\u2019UNZ. cette \u00e9dition est plac\u00e9e sous le th\u00e8me : \u00ab\u00a0Contexte socio-\u00e9conomique r\u00e9gional : quels d\u00e9fis pour la formation professionnelle ?\u00a0\u00bb<\/div>\n<\/div>\n<div class=\"o9v6fnle cxmmr5t8 oygrvhab hcukyx3x c1et5uql ii04i59q\">\n<div dir=\"auto\">Cette activit\u00e9 est ouverte aux \u00e9l\u00e8ve et \u00e9tudiants, aux parents d\u2019\u00e9l\u00e8ves , aux enseignants\/es, chercheurs aux encadreurs p\u00e9dagogiques, aux \u00e9coles et centres de formation, aux Actrices et acteurs de la formation.<\/div>\n<\/div>\n<div class=\"o9v6fnle cxmmr5t8 oygrvhab hcukyx3x c1et5uql ii04i59q\">\n<div dir=\"auto\">Les JEFOSP sont organis\u00e9es\/soutenues depuis 2013 par l\u2019Association ABASA e. V. de Burkinab\u00e8 et amis\/es en Allemagne et au Burkina), l\u2019Universit\u00e9 Technique de Dresde, l\u2019Universit\u00e9 Norbert ZONGO, l\u2019UNEEPL, le CIOSPB, le MESRSI, le MENAPLN, le MJFPE et d\u2019autres partenaires.<\/div>\n<\/div>\n","protected":false},"excerpt":{"rendered":"<p>La 7\u00e8me \u00e9dition des Journ\u00e9es d\u2019Echanges sur l\u2019Education, la Formation, l\u2019Orientation\/insertion Scolaire et Professionnelle (JEFOSP) c&rsquo;est du 03 au 05 mars 2020, dans la Salle CFVU de l\u2019UNZ. cette \u00e9dition est plac\u00e9e sous le th\u00e8me : \u00ab\u00a0Contexte socio-\u00e9conomique r\u00e9gional : quels d\u00e9fis pour la formation professionnelle ?\u00a0\u00bb Cette activit\u00e9 est ouverte aux \u00e9l\u00e8ve et \u00e9tudiants, [&hellip;]<\/p>\n","protected":false},"author":1,"featured_media":0,"parent":0,"menu_order":0,"comment_status":"closed","ping_status":"closed","template":"","meta":{"footnotes":""},"class_list":["post-549","page","type-page","status-publish","hentry"],"_links":{"self":[{"href":"https:\/\/jefosp.bf\/index.php?rest_route=\/wp\/v2\/pages\/549","targetHints":{"allow":["GET"]}}],"collection":[{"href":"https:\/\/jefosp.bf\/index.php?rest_route=\/wp\/v2\/pages"}],"about":[{"href":"https:\/\/jefosp.bf\/index.php?rest_route=\/wp\/v2\/types\/page"}],"author":[{"embeddable":true,"href":"https:\/\/jefosp.bf\/index.php?rest_route=\/wp\/v2\/users\/1"}],"replies":[{"embeddable":true,"href":"https:\/\/jefosp.bf\/index.php?rest_route=%2Fwp%2Fv2%2Fcomments&post=549"}],"version-history":[{"count":0,"href":"https:\/\/jefosp.bf\/index.php?rest_route=\/wp\/v2\/pages\/549\/revisions"}],"wp:attachment":[{"href":"https:\/\/jefosp.bf\/index.php?rest_route=%2Fwp%2Fv2%2Fmedia&parent=549"}],"curies":[{"name":"wp","href":"https:\/\/api.w.org\/{rel}","templated":true}]}}

<div class="o9v6fnle cxmmr5t8 oygrvhab hcukyx3x c1et5uql ii04i59q">
<div dir="auto">La 7ème édition des Journées d’Echanges sur l’Education, la Formation, l’Orientation/insertion Scolaire et Professionnelle (JEFOSP) c&rsquo;est du 03 au 05 mars 2020, dans la Salle CFVU de l’UNZ. cette édition est placée sous le thème : « Contexte socio-économique régional : quels défis pour la formation professionnelle ? »</div>
</div>
<div class="o9v6fnle cxmmr5t8 oygrvhab hcukyx3x c1et5uql ii04i59q">
<div dir="auto">Cette activité est ouverte aux élève et étudiants, aux parents d’élèves , aux enseignants/es, chercheurs aux encadreurs pédagogiques, aux écoles et centres de formation, aux Actrices et acteurs de la formation.</div>
</div>
<div class="o9v6fnle cxmmr5t8 oygrvhab hcukyx3x c1et5uql ii04i59q">
<div dir="auto">Les JEFOSP sont organisées/soutenues depuis 2013 par l’Association ABASA e. V. de Burkinabè et amis/es en Allemagne et au Burkina), l’Université Technique de Dresde, l’Université Norbert ZONGO, l’UNEEPL, le CIOSPB, le MESRSI, le MENAPLN, le MJFPE et d’autres partenaires.</div>
</div>

<p>La 7ème édition des Journées d’Echanges sur l’Education, la Formation, l’Orientation/insertion Scolaire et Professionnelle (JEFOSP) c&rsquo;est du 03 au 05 mars 2020, dans la Salle CFVU de l’UNZ. cette édition est placée sous le thème : « Contexte socio-économique régional : quels défis pour la formation professionnelle ? » Cette activité est ouverte aux élève et étudiants, [&hellip;]</p>
