{"id":553,"date":"2021-03-24T20:14:59","date_gmt":"2021-03-24T20:14:59","guid":{"rendered":"https:\/\/jefosp.net\/?page_id=553"},"modified":"2021-03-24T20:14:59","modified_gmt":"2021-03-24T20:14:59","slug":"du-12-au-14-mars-2018","status":"publish","type":"page","link":"https:\/\/jefosp.bf\/?page_id=553","title":{"rendered":"Du 12 au 14 mars 2018"},"content":{"rendered":"<p style=\"text-align: justify;\"><strong>Th\u00e8me:<br \/>\n<\/strong>Enseignement et formation techniques professionnels (EFTP) et d\u00e9veloppement durable<\/p>\n<p style=\"text-align: justify;\"><strong>Sous-th\u00e8me I: <\/strong>Quels dispositifs et quels contenus pour les Masters en EFTP (option g\u00e9nie \u00e9lectrique et \u00e9nerg\u00e9tique et option financecomptabilit\u00e9-contr\u00f4le) de l&rsquo;UNZ pour un de\u0301veloppement durable?<\/p>\n<p style=\"text-align: justify;\"><strong>Sous-th\u00e8me II:<\/strong> Quelle contribution des entreprises pour une formation de qualite\u0301 en EFTP en vue du de\u0301veloppement durable au Burkina Faso?<br \/>\n<strong>Sous-th\u00e8me III:<\/strong> Quels dispositifs et programmes de formation en EFTP pour promouvoir le de\u0301veloppement durable au Burkina Faso?<\/p>\n<p style=\"text-align: justify;\"><strong>ACTIVITES<\/strong><br \/>\n&#8211; Pre\u0301sentation des programmes Master en technique et formation professionnelle \u00e0 l\u2019ENS\/ UK en coope\u0301ration avec l\u2019Universite\u0301<br \/>\nTechnique de Dresde (fin des inscriptions 15 mars 2018)<br \/>\n&#8211; Communications et forum de discussion<br \/>\n&#8211; Stands d\u2019information et de conseils d\u2019orientation sur les filie\u0300res de formation et d\u2019e\u0301tudes<br \/>\n&#8211; Stands d\u2019information et d\u2019exposition d\u2019entreprises<\/p>\n<p style=\"text-align: justify;\"><strong>PUBLICS CIBLES<\/strong><\/p>\n<p style=\"text-align: justify;\">Jeunes, \u00e9l\u00e8ves, \u00e9tudiants\/es, parents d\u2019\u00e9l\u00e8ves, Enseignants\/es, Encadreurs p\u00e9dagogiques, \u00e9coles et centres de formation, actrices et acteurs de la formation\u2026<\/p>\n","protected":false},"excerpt":{"rendered":"<p>Th\u00e8me: Enseignement et formation techniques professionnels (EFTP) et d\u00e9veloppement durable Sous-th\u00e8me I: Quels dispositifs et quels contenus pour les Masters en EFTP (option g\u00e9nie \u00e9lectrique et \u00e9nerg\u00e9tique et option financecomptabilit\u00e9-contr\u00f4le) de l&rsquo;UNZ pour un de\u0301veloppement durable? Sous-th\u00e8me II: Quelle contribution des entreprises pour une formation de qualite\u0301 en EFTP en vue du de\u0301veloppement durable au [&hellip;]<\/p>\n","protected":false},"author":1,"featured_media":0,"parent":0,"menu_order":0,"comment_status":"closed","ping_status":"closed","template":"","meta":{"footnotes":""},"class_list":["post-553","page","type-page","status-publish","hentry"],"_links":{"self":[{"href":"https:\/\/jefosp.bf\/index.php?rest_route=\/wp\/v2\/pages\/553","targetHints":{"allow":["GET"]}}],"collection":[{"href":"https:\/\/jefosp.bf\/index.php?rest_route=\/wp\/v2\/pages"}],"about":[{"href":"https:\/\/jefosp.bf\/index.php?rest_route=\/wp\/v2\/types\/page"}],"author":[{"embeddable":true,"href":"https:\/\/jefosp.bf\/index.php?rest_route=\/wp\/v2\/users\/1"}],"replies":[{"embeddable":true,"href":"https:\/\/jefosp.bf\/index.php?rest_route=%2Fwp%2Fv2%2Fcomments&post=553"}],"version-history":[{"count":0,"href":"https:\/\/jefosp.bf\/index.php?rest_route=\/wp\/v2\/pages\/553\/revisions"}],"wp:attachment":[{"href":"https:\/\/jefosp.bf\/index.php?rest_route=%2Fwp%2Fv2%2Fmedia&parent=553"}],"curies":[{"name":"wp","href":"https:\/\/api.w.org\/{rel}","templated":true}]}}

<p style="text-align: justify;"><strong>Thème:<br />
</strong>Enseignement et formation techniques professionnels (EFTP) et développement durable</p>
<p style="text-align: justify;"><strong>Sous-thème I: </strong>Quels dispositifs et quels contenus pour les Masters en EFTP (option génie électrique et énergétique et option financecomptabilité-contrôle) de l&rsquo;UNZ pour un développement durable?</p>
<p style="text-align: justify;"><strong>Sous-thème II:</strong> Quelle contribution des entreprises pour une formation de qualité en EFTP en vue du développement durable au Burkina Faso?<br />
<strong>Sous-thème III:</strong> Quels dispositifs et programmes de formation en EFTP pour promouvoir le développement durable au Burkina Faso?</p>
<p style="text-align: justify;"><strong>ACTIVITES</strong><br />
&#8211; Présentation des programmes Master en technique et formation professionnelle à l’ENS/ UK en coopération avec l’Université<br />
Technique de Dresde (fin des inscriptions 15 mars 2018)<br />
&#8211; Communications et forum de discussion<br />
&#8211; Stands d’information et de conseils d’orientation sur les filières de formation et d’études<br />
&#8211; Stands d’information et d’exposition d’entreprises</p>
<p style="text-align: justify;"><strong>PUBLICS CIBLES</strong></p>
<p style="text-align: justify;">Jeunes, élèves, étudiants/es, parents d’élèves, Enseignants/es, Encadreurs pédagogiques, écoles et centres de formation, actrices et acteurs de la formation…</p>

<p>Thème: Enseignement et formation techniques professionnels (EFTP) et développement durable Sous-thème I: Quels dispositifs et quels contenus pour les Masters en EFTP (option génie électrique et énergétique et option financecomptabilité-contrôle) de l&rsquo;UNZ pour un développement durable? Sous-thème II: Quelle contribution des entreprises pour une formation de qualité en EFTP en vue du développement durable au [&hellip;]</p>
